e the prime factors of s?
2, 3, 7
Let j(q) = -q**2 - 8*q + 1. Let v be j(-9). Let a(m) = m**2 + m - 4. Let o be a(v). Suppose -10 = 3*b - o. List the prime factors of b.
2, 7
Let f be 14/(-21) + (-2)/(-3) - 28. List the prime factors of 6/(-8) + (-1393)/f.
7
Let w(g) = -g**2 - 9*g - 12. Let d be w(-7). Suppose -p = -4*z + 247, -d*p + 5 = -p. What are the prime factors of z?
3, 7
Suppose -a - 2 + 5 = 0. Suppose d + a*z = -d + 160, 5*d + 5*z = 405. List the prime factors of d.
83
Suppose -9*n + r = -14*n + 7747, -2*n - 2*r = -3102. List the prime factors of n.
1549
Let w(v) = -10*v - 89. What are the prime factors of w(-18)?
7, 13
Let v(z) = -166*z + 11. List the prime factors of v(-3).
509
Suppose 0 = 4*b - 8, 6*g - 440 = 2*g + 4*b. Let u = -78 + g. List the prime factors of u.
2, 17
Let d(h) = 14*h + 8*h**2 + 0*h - 14 + 11*h**2 - 9*h**2 - h**3. Let p be 22/(-8)*(4 + -8). List the prime factors of d(p).
19
Let t(d) be the third derivative of -1/60*d**5 + 0*d + 1/2*d**3 + 13/24*d**4 + 0 - 8*d**2. What are the prime factors of t(9)?
3, 13
Let p(s) = s**3 + 5*s**2 - s + 5. Let i be p(5). Let o = i + -121. What are the prime factors of o?
3, 43
What are the prime factors of (-6060)/(-66) + (-40)/(-220)?
2, 23
Suppose 0 = 5*d - 1897 + 327. What are the prime factors of d?
2, 157
List the prime factors of (-4)/(-8)*(-25080)/(-22).
2, 3, 5, 19
Let o be -136*(-2 + 0/(-1)). Let r = o + -161. What are the prime factors of r?
3, 37
Let z = 514 + -14. What are the prime factors of z?
2, 5
Let c(a) be the first derivative of -a**3/3 + 10*a**2 - 16*a + 1. Suppose z + 4*w - 33 = 0, 45*w = -z + 44*w + 18. What are the prime factors of c(z)?
3, 5
Suppose 13*l - 969 = 10*l. Let d = -187 + l. List the prime factors of d.
2, 17
List the prime factors of (3/(-4))/(33/(-3564)).
3
Suppose y - q = -2*q + 3471, 0 = -4*y + 4*q + 13892. Suppose -22*h + y = -6*h. What are the prime factors of h?
7, 31
Suppose -10 + 0 = -5*u. Suppose u + 6 = w + y, 5*w - 5*y = 10. Suppose 0*p + 4*p + 3*x - 197 = 0, 240 = w*p + 5*x. List the prime factors of p.
53
Let c(t) be the second derivative of -t**4/12 + 10*t**3/3 - t**2 + 3*t. List the prime factors of c(10).
2, 7
Let y(u) = u**2 - u - 4. Let a be y(4). Let n = a - 20. What are the prime factors of 228/(-2)*n/24?
3, 19
Let c be (-40)/(-22) + 26/143. Suppose -k = c*g + 4*k - 13, 3*g - k + 6 = 0. Let r = 8 - g. List the prime factors of r.
3
Let t(x) = -77*x**3 - 2*x - 1. Suppose n - 4*n = 5*d - 22, 0 = -4*n + d - 9. What are the prime factors of t(n)?
2, 3, 13
Let r = 105 - 212. Let c = 181 + r. Let o = 128 - c. List the prime factors of o.
2, 3
Suppose -5*h = 2*v - 562 - 2113, -3*v = -2*h + 1051. What are the prime factors of h?
13, 41
Suppose 8*t + 52 = 4*t. Let b(g) = -g**3 - 14*g**2 - 11*g + 10. Let c be b(t). What are the prime factors of 257/7 - c/56?
37
Suppose 3*z + 39 = 4*a, 14 = -5*z - 2*a - 25. Let b = 6 - z. What are the prime factors of b?
3, 5
Let h = -99 + 381. List the prime factors of h.
2, 3, 47
Let d be -3 - -12 - (-2 - -1). Suppose 0*h + 2*h = d. Suppose 0 = -4*m + 3*r + 24, h*r - 47 = -m - 2*m. What are the prime factors of m?
3
Let g = 138 - 73. List the prime factors of g.
5, 13
Let d(x) = 30*x - 1. Let p be d(5). Suppose -3*v = -p - 400. List the prime factors of v.
3, 61
Suppose -h = -n - 50, 3*h - 2*n = 18 + 132. Let z = -3 + h. List the prime factors of z.
47
Let i = -212 + 553. Suppose i + 491 = 13*u. List the prime factors of u.
2
Let m = -32 + 7. Let j be (-24)/(-10)*8/12*-5. Let h = j - m. List the prime factors of h.
17
Let h(p) = p - 2. Let b be h(0). What are the prime factors of 7/((-8)/b - 213/54)?
2, 3, 7
Suppose 80*u = 50*u + 14160. What are the prime factors of u?
2, 59
Suppose -n - 46 = -0. Let k = 89 + -12. Let g = k + n. What are the prime factors of g?
31
Suppose 9130 - 50 = 10*s. What are the prime factors of s?
2, 227
Let i(c) = c**3 + 2*c**2 + 2*c - 2. Suppose -5*f + 11 = -p - 15, -3*p = -3*f + 18. Let a be i(f). List the prime factors of (a/(-9))/((-7)/21).
61
Let s(n) = n**2 + 2*n - 2. Let r be s(-2). Let c(g) = 5*g**3 + g**2 - g - 2. Let y be c(r). Let p = 44 + y. What are the prime factors of p?
2
Let d(l) = -29*l - 32. Let w(p) = 28*p + 32. Let x(s) = -2*d(s) - 3*w(s). List the prime factors of x(-4).
2, 3
Suppose -6*z + 1352 = -1216. List the prime factors of z.
2, 107
Let g(s) = s**2 + 10*s + 3. Let q be g(-10). Suppose 0 = -q*a + 4*r + 1376, a + 3*r - 6*r = 467. Suppose -5*j - 117 + a = 0. What are the prime factors of j?
67
List the prime factors of (41 - 39) + (-3)/((-6)/6878).
3, 31, 37
Let s(j) = -j**3 - 4*j**2 - 2*j - 6. List the prime factors of s(-9).
3, 139
Let q(w) = -5*w**3 + 32*w**2 + 215*w + 6. What are the prime factors of q(-8)?
2, 1447
What are the prime factors of (125/(-100) + (-4773)/60)*-30?
2, 3, 101
Suppose 2*u - 3*u + 191 = -5*i, i = -2*u - 36. Let r be ((-17)/2)/(2/16). Let c = i - r. List the prime factors of c.
2, 3, 5
Suppose 3*w + w + 34 = t, -2*t + 5 = -w. List the prime factors of ((-80)/12)/1*w.
2, 3, 5
Suppose 153 = g + 4*y, 5 = -2*y + 3. What are the prime factors of g?
157
Let b(p) = 68*p**2 + 2*p + 5. Let j be b(3). Suppose 3*c = -4*c + j. List the prime factors of c.
89
Suppose 8*w - 117 = 5*w. Let z be (-63)/(-2)*(-4)/(-3). Let n = z - w. What are the prime factors of n?
3
Suppose -z = -5*c - 239, -5*c + 54 - 273 = 4*z. Let s = 88 + c. What are the prime factors of s?
41
Let p(m) = m - 1. Suppose 6 = 5*f + f. Let l be p(f). Suppose l = 5*g + 20, -4*y + 157 - 9 = 4*g. List the prime factors of y.
41
Let t(n) be the third derivative of -1/4*n**4 + n**3 + 6*n**2 + 0 + 0*n. List the prime factors of t(-3).
2, 3
Let y = -8306 + 11746. List the prime factors of y.
2, 5, 43
Suppose 9*z - 10*z + 130 = 3*j, 0 = -z + 4*j + 102. List the prime factors of z.
2, 59
Let w = -92 + 116. Let y = 87 + w. List the prime factors of y.
3, 37
Suppose -4*b + 168 = 4*x, -78 = -2*x - 5*b + 12. Suppose -2*o - x = 70. List the prime factors of (-1330)/o - (-2)/(-11).
2, 3
Let z = -39 - -41. What are the prime factors of z/(-4)*(-141 + -1)?
71
What are the prime factors of (86 - 85)*(1 + 1 - -2036)?
2, 1019
Suppose -4*n = -5*n + 9. What are the prime factors of (-1070)/(-8) + 1/((-12)/n)?
7, 19
Let d(k) = -239*k**2 - 5. Let a be d(-3). Let y be a/(-12) + 2/6. Suppose 3*j = -r + 162, -3*j + 9*r = 4*r - y. What are the prime factors of j?
5, 11
Let l(u) = 5*u + 34. Let w(s) = -10*s - 69. Let f(v) = -13*l(v) - 6*w(v). What are the prime factors of f(-13)?
37
Suppose -5*i = 2*g - 582, -103 = -i - 4*g + 17. What are the prime factors of i?
2, 29
Suppose 5*z + 3 = -4*j + 37, 2*z - 3*j - 9 = 0. What are the prime factors of z/(-21) - 268/(-7)?
2, 19
Let t be 2 + (-62)/8 - (-14)/(-56). What are the prime factors of -2*t/(-4) + 0 + 109?
2, 53
Suppose -34*r = -38*r + 1732. List the prime factors of r.
433
Suppose -d - t = -3*d + 14, 3*t + 26 = 4*d. List the prime factors of (-6904)/(-56) - (d/(-14))/(-2).
3, 41
Let q = 4 - 2. Suppose 0 = q*l - 10, -5*n - 28 = -4*n - 2*l. Let f = -9 - n. List the prime factors of f.
3
Suppose 94 = 6*h - 8. What are the prime factors of h?
17
Suppose -q + 165 = 5*w, 5*q - 5*w = 497 + 358. What are the prime factors of q?
2, 5, 17
Suppose 0 = -4*z - 569 - 1235. Let k = z - -712. What are the prime factors of k?
3, 29
Let w = -63 - -52. Let f(i) = -i**2 - 4. Let t be f(6). Let a = w - t. List the prime factors of a.
29
Suppose 0 = -19*j - 21*j + 18440. What are the prime factors of j?
461
Let v(l) = l**2 - l. Let o be v(-1). Suppose o*f - 28 = 3*b, 2*b + f = -4*f + 13. List the prime factors of (-125)/(-45) + b/(-27).
3
Suppose -2*r = -3*b - 15, 4*b - 2*r = -3 - 15. Let g(i) = 9*i**3 - 10*i**3 + 2 - 22*i + 2*i**2 + 27*i. What are the prime factors of g(b)?
2
Let g(j) = 95*j - 2. What are the prime factors of g(3)?
283
Let m(u) = u + 34. List the prime factors of m(28).
2, 31
Let i(f) = -2*f**3 + 6*f**2 + 5*f - 5. Let b(u) = 5*u**3 - 11*u**2 - 10*u + 9. Let c(y) = 3*b(y) + 5*i(y). List the prime factors of c(3).
5, 19
Let l(t) = -t**3 - 17*t**2 - 2*t + 18. Let o(p) = p**2 - 15*p + 9. Let y be o(13). List the prime factors of l(y).
2, 13
What are the prime factors of -3*(-4 + (-561)/9)*14?
2, 7, 199
Suppose 0*l - l + 4 = 0. Suppose b = l*b - 2*a - 7,